{"id":301,"date":"2023-09-08T11:12:16","date_gmt":"2023-09-08T09:12:16","guid":{"rendered":"https:\/\/lucaungaro.fr\/?page_id=301"},"modified":"2026-03-01T11:40:06","modified_gmt":"2026-03-01T10:40:06","slug":"curriculum","status":"publish","type":"page","link":"https:\/\/lucaungaro.fr\/index.php\/curriculum\/","title":{"rendered":"About"},"content":{"rendered":"<div class=\"wp-block-image portrait\">\n<figure class=\"alignright size-large\"><img loading=\"lazy\" decoding=\"async\" width=\"1024\" height=\"683\" src=\"https:\/\/lucaungaro.fr\/wp-content\/uploads\/2024\/05\/DSCF1160-1-1024x683.jpg\" alt=\"\" class=\"wp-image-835\" srcset=\"https:\/\/lucaungaro.fr\/wp-content\/uploads\/2024\/05\/DSCF1160-1-1024x683.jpg 1024w, https:\/\/lucaungaro.fr\/wp-content\/uploads\/2024\/05\/DSCF1160-1-300x200.jpg 300w, https:\/\/lucaungaro.fr\/wp-content\/uploads\/2024\/05\/DSCF1160-1-768x512.jpg 768w, https:\/\/lucaungaro.fr\/wp-content\/uploads\/2024\/05\/DSCF1160-1-1536x1024.jpg 1536w, https:\/\/lucaungaro.fr\/wp-content\/uploads\/2024\/05\/DSCF1160-1-2048x1365.jpg 2048w, https:\/\/lucaungaro.fr\/wp-content\/uploads\/2024\/05\/DSCF1160-1-1200x800.jpg 1200w, https:\/\/lucaungaro.fr\/wp-content\/uploads\/2024\/05\/DSCF1160-1-1860x1240.jpg 1860w\" sizes=\"auto, (max-width: 1024px) 100vw, 1024px\" \/><\/figure>\n<\/div>\n\n\n<p>Digital Imaging Technician and an amateur photographer living in Paris, France. I just happen to be interested into digital imaging techniques and color science. The website you&#8217;re visiting is just a place where I share pictures, works and experiments.<\/p>\n\n\n\n<p>Write to me : luca <em>at<\/em> lucaungaro.fr.<\/p>\n\n\n\n<div class=\"wp-block-columns is-layout-flex wp-container-core-columns-is-layout-9d6595d7 wp-block-columns-is-layout-flex\">\n<div class=\"wp-block-column is-layout-flow wp-block-column-is-layout-flow\"><\/div>\n\n\n\n<div class=\"wp-block-column is-layout-flow wp-block-column-is-layout-flow\" style=\"flex-basis:100px\"><div class=\"wp-block-image\">\n<figure class=\"aligncenter size-full is-resized\"><a href=\"https:\/\/www.a-dit.com\/les-membres-actifs#comp-jijz7732__98d280fc-a081-46bb-a4f4-2a2d691fa0c8\"><img loading=\"lazy\" decoding=\"async\" width=\"691\" height=\"285\" src=\"http:\/\/lucaungaro.fr\/wp-content\/uploads\/2026\/03\/ADIT.png\" alt=\"\" class=\"wp-image-1299\" style=\"width:auto;height:50px\" srcset=\"https:\/\/lucaungaro.fr\/wp-content\/uploads\/2026\/03\/ADIT.png 691w, https:\/\/lucaungaro.fr\/wp-content\/uploads\/2026\/03\/ADIT-300x124.png 300w\" sizes=\"auto, (max-width: 691px) 100vw, 691px\" \/><\/a><\/figure>\n<\/div><\/div>\n\n\n\n<div class=\"wp-block-column is-vertically-aligned-top is-layout-flow wp-block-column-is-layout-flow\" style=\"flex-basis:100px\"><div class=\"wp-block-image\">\n<figure class=\"aligncenter size-medium is-resized\"><a href=\"https:\/\/www.imdb.com\/fr\/name\/nm15630728\/?ref_=fn_all_nme_1\" target=\"_blank\" rel=\" noreferrer noopener\"><img loading=\"lazy\" decoding=\"async\" width=\"300\" height=\"169\" src=\"https:\/\/lucaungaro.fr\/wp-content\/uploads\/2023\/12\/IMDb-logo-300x169.png\" alt=\"IMDB\" class=\"wp-image-616\" style=\"width:auto;height:50px\" srcset=\"https:\/\/lucaungaro.fr\/wp-content\/uploads\/2023\/12\/IMDb-logo-300x169.png 300w, https:\/\/lucaungaro.fr\/wp-content\/uploads\/2023\/12\/IMDb-logo-1024x576.png 1024w, https:\/\/lucaungaro.fr\/wp-content\/uploads\/2023\/12\/IMDb-logo-768x432.png 768w, https:\/\/lucaungaro.fr\/wp-content\/uploads\/2023\/12\/IMDb-logo-1536x864.png 1536w, https:\/\/lucaungaro.fr\/wp-content\/uploads\/2023\/12\/IMDb-logo-2048x1152.png 2048w, https:\/\/lucaungaro.fr\/wp-content\/uploads\/2023\/12\/IMDb-logo-1200x675.png 1200w, https:\/\/lucaungaro.fr\/wp-content\/uploads\/2023\/12\/IMDb-logo-1860x1046.png 1860w\" sizes=\"auto, (max-width: 300px) 100vw, 300px\" \/><\/a><\/figure>\n<\/div><\/div>\n\n\n\n<div class=\"wp-block-column is-vertically-aligned-top is-layout-flow wp-block-column-is-layout-flow\" style=\"flex-basis:60px\"><div class=\"wp-block-image\">\n<figure class=\"aligncenter size-full is-resized\"><a href=\"https:\/\/www.instagram.com\/luca_ungaro_\/\" target=\"_blank\" rel=\" noreferrer noopener\"><img loading=\"lazy\" decoding=\"async\" width=\"84\" height=\"84\" src=\"http:\/\/lucaungaro.fr\/wp-content\/uploads\/2025\/01\/40898a93cfff4578b1779073137eb1b4.png.avif\" alt=\"\" class=\"wp-image-1107\" style=\"width:auto;height:50px\"\/><\/a><\/figure>\n<\/div><\/div>\n\n\n\n<div class=\"wp-block-column is-layout-flow wp-block-column-is-layout-flow\" style=\"flex-basis:60px\"><div class=\"wp-block-image\">\n<figure class=\"aligncenter size-full is-resized\"><a href=\"https:\/\/github.com\/lucaungaro\" target=\"_blank\" rel=\" noreferrer noopener\"><img loading=\"lazy\" decoding=\"async\" width=\"230\" height=\"225\" src=\"https:\/\/lucaungaro.fr\/wp-content\/uploads\/2025\/11\/github-mark-white-1.png\" alt=\"\" class=\"wp-image-1247\" style=\"width:auto;height:45px\"\/><\/a><\/figure>\n<\/div><\/div>\n\n\n\n<div class=\"wp-block-column is-layout-flow wp-block-column-is-layout-flow\"><\/div>\n<\/div>\n\n\n\n<hr class=\"wp-block-separator has-alpha-channel-opacity\"\/>\n\n\n\n<h2 class=\"wp-block-heading\">FEATURES &amp; SERIES<\/h2>\n\n\n\n<figure class=\"wp-block-table\"><table><tbody><tr><td><strong>Project<\/strong><\/td><td><strong>Director<\/strong><\/td><td><strong>DoP<\/strong><\/td><td><strong>Prod<\/strong><\/td><\/tr><tr><td><strong>THE LAND<\/strong> season 1 (20th Television, 2026)<br><em><em>Paris QTake VTR<\/em><\/em><\/td><td>Jessica Yu<\/td><td>Yasu Tanida<\/td><td>20th Television \/ Froggie Production<\/td><\/tr><tr><td><strong>BECOMING CAPA <\/strong>(2026)<br><em>Paris QTake VTR<\/em><\/td><td>Charlotte Colbert<\/td><td>Pawel Pogorzelski<\/td><td>TARO \/ Firstep<\/td><\/tr><tr><td><strong>THE LAST MRS. PARISH <\/strong>(Netflix, 2026)<br><em>Paris dailies technician<\/em><\/td><td>Robert Zemeckis<\/td><td>Don M. Burgess<\/td><td>Netflix \/ Froggie Production<\/td><\/tr><tr><td><strong>LES TROIS BRESTOISES<\/strong> (France TV, 2025)<br><em>DIT<\/em><\/td><td>St\u00e9phane Kappes<\/td><td>Sophie Ardisson<\/td><td>La Dame de C\u0153ur \/ France T\u00e9l\u00e9visions<\/td><\/tr><tr><td><strong>DEVIENS G\u00c9NIAL<\/strong> (2025)<br><em>Prep DIT<\/em><\/td><td>L\u00e9o Grandperret<\/td><td>Quentin De Lamarzelle<\/td><td>Nolita Cin\u00e9ma<\/td><\/tr><tr><td><strong>CHANGER L&#8217;EAU DES FLEURS<\/strong> (2025)<br><em>Additional QTake VTR<\/em><\/td><td>Jean-Pierre Jeunet<\/td><td>Thomas Hardmeier<\/td><td>24 25 Films<\/td><\/tr><tr><td><strong>MATA<\/strong> (2025)<br><em>Additional DIT<\/em><\/td><td>Rachel Lang<\/td><td>Romain Lacourbas<\/td><td>Nolita Cin\u00e9ma \/ Chevaux Deux Trois<\/td><\/tr><tr><td><strong>THE FAMILY PLAN 2<\/strong> (Apple TV, 2025)<br><em>CCTV camera operator,<br>VFX unit Data manager<\/em><\/td><td>Simon Cellan Jones<\/td><td>Michael Burgess<\/td><td>Skydance \/ Petite Fleur Productions<\/td><\/tr><tr><td><strong>FBI: INTERNATIONAL<\/strong> season 4 (CBS, 2024)<br><em>Paris unit DIT<\/em><\/td><td>Alex Zakrzewski<\/td><td>Attila Szalay<\/td><td>Froggie Production<\/td><\/tr><tr><td><a href=\"https:\/\/www.disneyplus.com\/fr-fr\/browse\/entity-1c5a44d5-0541-4d5d-8d00-a63890fe1c88\"><strong>GHOSTS, FANT\u00d4MES EN H\u00c9RITAGE<\/strong><\/a> (Disney+, 2024)<br><em>Additional DIT<\/em><\/td><td>Arthur Sanigou<\/td><td>Quentin De Lamarzelle<\/td><td>BBC Studios\/TF1<\/td><\/tr><tr><td><strong><a href=\"https:\/\/www.canalplus.com\/series\/iris\/h\/26903518_50001\" target=\"_blank\" rel=\"noreferrer noopener\">IRIS<\/a><\/strong> (Canal+, 2024)<br><em>Data manager<\/em><\/td><td>Doria Tillier,<br>Jean-Baptiste Pouilloux<\/td><td>Steeven Petiteville<\/td><td>Les Films entre 2 et 4<\/td><\/tr><tr><td><a href=\"https:\/\/www.canalplus.com\/series\/paris-has-fallen\/h\/26153428_50001\" target=\"_blank\" rel=\"noreferrer noopener\"><strong>PARIS HAS FALLEN<\/strong> <\/a>(Canal+, 2023)<br><em>Camera trainee<\/em> (2nd unit, France)<\/td><td>Oded Ruskin, <br>Hans Herbots<\/td><td>Adam Etherington,<br>Philippe Kress,<br>Kefin F\u00e9lix Lassa (2nd unit)<\/td><td>Urban Myth Films\/<br>Caroline Productions<\/td><\/tr><\/tbody><\/table><\/figure>\n\n\n\n<h2 class=\"wp-block-heading\">DOCUMENTARIES<\/h2>\n\n\n\n<figure class=\"wp-block-table\"><table><tbody><tr><td><strong>Project<\/strong><\/td><td><strong>Director<\/strong><\/td><td><strong>DoP<\/strong><\/td><td><strong>Prod<\/strong><\/td><\/tr><tr><td><strong><a href=\"https:\/\/www.hausderkunst.de\/eintauchen\/philippe-parreno-voices\">ZORA<\/a> <\/strong>(2025)<strong><br><\/strong><em>Camera operator, Colourist<\/em><\/td><td>Iris Bonnant, Elisa Amenel<\/td><td>Mat\u00e9o Lem\u00e9tayer, Iris Bonnant, Luca Ungaro<\/td><td>Association Zora<\/td><\/tr><\/tbody><\/table><\/figure>\n\n\n\n<h2 class=\"wp-block-heading\">MUSIC VIDEOS<\/h2>\n\n\n\n<figure class=\"wp-block-table\"><table><tbody><tr><td><strong>Project<\/strong><\/td><td><strong>Director<\/strong><\/td><td><strong>DoP<\/strong><\/td><td><strong>Prod<\/strong><\/td><\/tr><tr><td><strong><a href=\"https:\/\/www.youtube.com\/watch?v=6OdKph_bdcQ&amp;pp=ygUdT0ZFTkJBQ0jigJRGRUVMSU5HUyBET04nVCBMSUU%3D\">OFENBACH\u2014FEELINGS DON&#8217;T LIE<\/a> <\/strong>(2024)<strong><br><\/strong><em>DIT<\/em><\/td><td>Akim Alouar<\/td><td>Th\u00e9odore Hugonnier<\/td><td>La Barone<\/td><\/tr><tr><td><strong><a href=\"https:\/\/www.youtube.com\/watch?v=xjpctEYq6Rg&amp;pp=ygUTd2hhbmdlIGNsZW0gZ2FicmllbA%3D%3D\">CLEMENCE GABRIEL\u2014CHANGE<\/a> <\/strong>(2024)<strong><br><\/strong><em>DIT<\/em><\/td><td>Lucas Sellier, Oph\u00e9ly Leroy<\/td><td>Matthieu Lequimener<\/td><td>SK PROD\/<br>DiBot<\/td><\/tr><\/tbody><\/table><\/figure>\n\n\n\n<h2 class=\"wp-block-heading\">ART<\/h2>\n\n\n\n<figure class=\"wp-block-table\"><table><tbody><tr><td><strong>Project<\/strong><\/td><td><strong>Artist<\/strong><\/td><td><strong>DoP<\/strong><\/td><td><strong>Prod<\/strong><\/td><\/tr><tr><td><strong><a href=\"https:\/\/www.hausderkunst.de\/eintauchen\/philippe-parreno-voices\">PHILIPPE PARRENO\u2014VOICES<\/a> <\/strong>(2024)<strong><br><\/strong><em>DIT<\/em><\/td><td>Philippe Parreno<\/td><td>Vincent Scotet<\/td><td>Atelier Philippe Parreno \/ Haus der Kunst<\/td><\/tr><\/tbody><\/table><\/figure>\n\n\n\n<h2 class=\"wp-block-heading\">SHORTS<\/h2>\n\n\n\n<figure class=\"wp-block-table\"><table><tbody><tr><td><strong>Project<\/strong><\/td><td><strong>Director<\/strong><\/td><td><strong>DoP<\/strong><\/td><td><strong>Prod<\/strong><\/td><\/tr><tr><td><strong>ILS V\u00c9CURENT HEUREUX <\/strong>(KLACH 2025)<br><em>DoP, Colourist<\/em><\/td><td>Camille Pineau<\/td><td>\/<\/td><td>\/<\/td><\/tr><tr><td><strong><a href=\"https:\/\/www.festivalnikon.fr\/video\/2024\/7686\">SUPERMEUF<\/a><\/strong> (Nikon Film Festival 2025)<strong><br><\/strong><em>Colourist<\/em><\/td><td>Vladimir Haulet &amp; Jeanne Degois<\/td><td>Ana\u00efs Andreassian<\/td><td>\/<\/td><\/tr><\/tbody><\/table><\/figure>\n\n\n\n<h2 class=\"wp-block-heading\">COMMERCIALS<\/h2>\n\n\n\n<figure class=\"wp-block-table\"><table><tbody><tr><td><strong>Project<\/strong><\/td><td><strong>Director<\/strong><\/td><td><strong>DoP<\/strong><\/td><td><strong>Prod<\/strong><\/td><\/tr><tr><td><strong>LOUIS VUITTON\u2014AMBRE LEVANT <\/strong>(2026)<br><em>DIT<\/em><\/td><td>Rapha\u00ebl Hache<\/td><td>Fabien Benzaquen<\/td><td>Chaos<\/td><\/tr><tr><td><strong>KT<strong><strong>\u2014<\/strong><\/strong>SAMSUNG x LEE KANG-IN<strong> <\/strong><\/strong>(2026)<br><em>DIT<\/em><\/td><td>Lim Byeonghyeon<\/td><td>Lim Chihyoung<\/td><td>Plus de Prod<\/td><\/tr><tr><td><strong>BONPOINT x PORSCHE<strong> <\/strong><\/strong>(2026)<br><em>Colourist<\/em><\/td><td>Fanny Latour-Lambert<\/td><td>Ana\u00efs Andreassian<\/td><td>Royal cheese<\/td><\/tr><tr><td><strong>DISNEY LAND PARIS<strong>\u2014ADVENTURE <\/strong><\/strong>(2025)<br><em>DIT<\/em><\/td><td>L\u00e9on Berelle, Dominique Boidin, R\u00e9mi Kozyra, Maxime Lu\u00e8re<\/td><td>Nigentz<\/td><td>Quad Prod \/ UNIT Image<\/td><\/tr><tr><td><strong>MAX MARA <\/strong>(2025)<br><em>DIT<\/em><\/td><td>Rapha\u00ebl Chicha<\/td><td>Fabien Benzaquen<\/td><td>dvna<\/td><\/tr><tr><td><strong>DIOR La Collection Priv\u00e9e\u2014Bath &amp; body <\/strong>(2025)<br><em>DIT<\/em><\/td><td>In\u00e8s Dielman<\/td><td>Fabien Benzaquen<\/td><td>37.2<\/td><\/tr><tr><td><strong>INOUI \u00c9DITIONS\u2014XMAS CAMPAIGN <\/strong>(2025)<br><em>Colourist<\/em><\/td><td>Fanny Latour-Lambert<\/td><td>Ana\u00efs Andreassian<\/td><td>Inoui \u00c9ditions<\/td><\/tr><tr><td><strong>BURGER KING TENDERS<\/strong> (2025)<br><em>DIT<\/em><\/td><td>Sophie Levy<\/td><td>Eira Wyn Jones \/ Dino Franco Berguglia<\/td><td>Sovage<\/td><\/tr><tr><td><strong>ON RUNNING HOLIDAY CAMPAIGN<\/strong> (2025)<br><em>DIT<\/em><\/td><td>Max Siedentopf<\/td><td>Tobias Blickle<\/td><td>Farago Projects<\/td><\/tr><tr><td><strong>CREED HOLIDAYS <\/strong>(2025)<br><em>DIT<\/em><\/td><td>Rapha\u00ebl Chicha<\/td><td>Chris Ducruet<\/td><td>dvna<\/td><\/tr><tr><td><strong>UGG\u2014GIA COPPOLA<\/strong> (2025)<br><em>QTake VTR<\/em><\/td><td>Gia Coppola<\/td><td>Autumn Durald Arkpaw<\/td><td>LA PAC<\/td><\/tr><tr><td><strong>AMI\u2014CAPSULE, LE\u00cfLA &amp; VINCENT<\/strong> (2024)<br><em>DIT<\/em><\/td><td>Th\u00e9o De Gueltzl<\/td><td>David Ungaro<\/td><td>AP Studio, Inc.<\/td><\/tr><tr><td><strong>CHANEL\u2014M\u00c9TIERS D&#8217;ART <\/strong>(2024)<br><em>QTake VTR<\/em><\/td><td>Wim Wenders<\/td><td>Franz Lustig<\/td><td>Walter Films<\/td><\/tr><tr><td><strong>BURGER KING&#8217;S MASTERS<\/strong> (2024)<br><em>QTake VTR<\/em><\/td><td>Charlotte Chadeau<\/td><td>Nicolas Massart<\/td><td>EGAL Prod \/ BUZZMAN<\/td><\/tr><tr><td><strong>NIKE AT POMPIDOU<\/strong> (2024)<br><em>DIT<\/em><\/td><td>Mau Morgo<\/td><td>Balthazar Lab<\/td><td>MOX \/ PRODCO \/ DIPLOMATS<\/td><\/tr><tr><td><strong>WE ARE PREMIER BET <\/strong>(2024)<br><em>DIT<\/em><\/td><td>Chris Kirtley<\/td><td>Ed Hiscox<\/td><td>FUTURE &amp; CO FILMS<\/td><\/tr><tr><td><strong>NIKE\u2014KEEP IT TIGHT <\/strong>(2024)<strong><br><\/strong><em>Video assist.<\/em><\/td><td>Kim Gehring<\/td><td>Chayse Irvin<\/td><td>ICONOCLAST<\/td><\/tr><tr><td><strong>ALDI <\/strong>(2023)<br><em>2nd. AC<\/em><\/td><td>Maud Poilpr\u00e9<\/td><td>Jean-Marie Delorme<\/td><td>TBWA\\Else<\/td><\/tr><tr><td><strong>MC DONALD&#8217;S BEST BURGERS<\/strong> (2023)<br><em>2nd. AC<\/em><\/td><td>Maud Poilpr\u00e9<\/td><td>Jean-Marie Delorme<\/td><td>TBWA\\Else<\/td><\/tr><tr><td><strong>MC DONALD&#8217;S BIG TASTY<\/strong> (2023)<br><em>Camera trainee<\/em><\/td><td>Maud Poilpr\u00e9<\/td><td>Jean-Marie Delorme<\/td><td>TBWA\\Else<\/td><\/tr><\/tbody><\/table><\/figure>\n\n\n\n<p class=\"has-text-align-right\">&#8230; and more!<\/p>\n","protected":false},"excerpt":{"rendered":"<p>Digital Imaging Technician and an amateur photographer living in Paris, France. I just happen to be interested into digital imaging techniques and color science. The website you&#8217;re visiting is just a place where I share pictures, works and experiments. Write to me : luca at lucaungaro.fr. FEATURES &amp; SERIES Project Director DoP Prod THE LAND [&hellip;]<\/p>\n","protected":false},"author":1,"featured_media":0,"parent":0,"menu_order":0,"comment_status":"closed","ping_status":"closed","template":"","meta":{"footnotes":""},"class_list":["post-301","page","type-page","status-publish","hentry","missing-thumbnail"],"yoast_head":"<!-- This site is optimized with the Yoast SEO plugin v27.2 - https:\/\/yoast.com\/product\/yoast-seo-wordpress\/ -->\n<title>About | Luca Ungaro<\/title>\n<meta name=\"description\" content=\"About | Luca Ungaro Photographie, Cin\u00e9ma et Documentaire.\" \/>\n<meta name=\"robots\" content=\"index, follow, max-snippet:-1, max-image-preview:large, max-video-preview:-1\" \/>\n<link rel=\"canonical\" href=\"https:\/\/lucaungaro.fr\/index.php\/curriculum\/\" \/>\n<meta property=\"og:locale\" content=\"en_US\" \/>\n<meta property=\"og:type\" content=\"article\" \/>\n<meta property=\"og:title\" content=\"About | Luca Ungaro\" \/>\n<meta property=\"og:description\" content=\"About | Luca Ungaro Photographie, Cin\u00e9ma et Documentaire.\" \/>\n<meta property=\"og:url\" content=\"https:\/\/lucaungaro.fr\/index.php\/curriculum\/\" \/>\n<meta property=\"og:site_name\" content=\"Luca Ungaro\" \/>\n<meta property=\"article:modified_time\" content=\"2026-03-01T10:40:06+00:00\" \/>\n<meta property=\"og:image\" content=\"https:\/\/lucaungaro.fr\/wp-content\/uploads\/2024\/05\/DSCF1160-1-scaled.jpg\" \/>\n\t<meta property=\"og:image:width\" content=\"2560\" \/>\n\t<meta property=\"og:image:height\" content=\"1707\" \/>\n\t<meta property=\"og:image:type\" content=\"image\/jpeg\" \/>\n<meta name=\"twitter:card\" content=\"summary_large_image\" \/>\n<meta name=\"twitter:label1\" content=\"Est. reading time\" \/>\n\t<meta name=\"twitter:data1\" content=\"4 minutes\" \/>\n<script type=\"application\/ld+json\" class=\"yoast-schema-graph\">{\"@context\":\"https:\/\/schema.org\",\"@graph\":[{\"@type\":\"WebPage\",\"@id\":\"https:\/\/lucaungaro.fr\/index.php\/curriculum\/\",\"url\":\"https:\/\/lucaungaro.fr\/index.php\/curriculum\/\",\"name\":\"About | Luca Ungaro\",\"isPartOf\":{\"@id\":\"https:\/\/lucaungaro.fr\/#website\"},\"primaryImageOfPage\":{\"@id\":\"https:\/\/lucaungaro.fr\/index.php\/curriculum\/#primaryimage\"},\"image\":{\"@id\":\"https:\/\/lucaungaro.fr\/index.php\/curriculum\/#primaryimage\"},\"thumbnailUrl\":\"https:\/\/lucaungaro.fr\/wp-content\/uploads\/2024\/05\/DSCF1160-1-1024x683.jpg\",\"datePublished\":\"2023-09-08T09:12:16+00:00\",\"dateModified\":\"2026-03-01T10:40:06+00:00\",\"description\":\"About | Luca Ungaro Photographie, Cin\u00e9ma et Documentaire.\",\"breadcrumb\":{\"@id\":\"https:\/\/lucaungaro.fr\/index.php\/curriculum\/#breadcrumb\"},\"inLanguage\":\"en-US\",\"potentialAction\":[{\"@type\":\"ReadAction\",\"target\":[\"https:\/\/lucaungaro.fr\/index.php\/curriculum\/\"]}]},{\"@type\":\"ImageObject\",\"inLanguage\":\"en-US\",\"@id\":\"https:\/\/lucaungaro.fr\/index.php\/curriculum\/#primaryimage\",\"url\":\"https:\/\/lucaungaro.fr\/wp-content\/uploads\/2024\/05\/DSCF1160-1-scaled.jpg\",\"contentUrl\":\"https:\/\/lucaungaro.fr\/wp-content\/uploads\/2024\/05\/DSCF1160-1-scaled.jpg\",\"width\":2560,\"height\":1707},{\"@type\":\"BreadcrumbList\",\"@id\":\"https:\/\/lucaungaro.fr\/index.php\/curriculum\/#breadcrumb\",\"itemListElement\":[{\"@type\":\"ListItem\",\"position\":1,\"name\":\"Accueil\",\"item\":\"https:\/\/lucaungaro.fr\/\"},{\"@type\":\"ListItem\",\"position\":2,\"name\":\"About\"}]},{\"@type\":\"WebSite\",\"@id\":\"https:\/\/lucaungaro.fr\/#website\",\"url\":\"https:\/\/lucaungaro.fr\/\",\"name\":\"Luca Ungaro\",\"description\":\"Digital Imaging Technician DIT\",\"publisher\":{\"@id\":\"https:\/\/lucaungaro.fr\/#\/schema\/person\/6d1d5db74f469521d8e47e9975f60ebd\"},\"potentialAction\":[{\"@type\":\"SearchAction\",\"target\":{\"@type\":\"EntryPoint\",\"urlTemplate\":\"https:\/\/lucaungaro.fr\/?s={search_term_string}\"},\"query-input\":{\"@type\":\"PropertyValueSpecification\",\"valueRequired\":true,\"valueName\":\"search_term_string\"}}],\"inLanguage\":\"en-US\"},{\"@type\":[\"Person\",\"Organization\"],\"@id\":\"https:\/\/lucaungaro.fr\/#\/schema\/person\/6d1d5db74f469521d8e47e9975f60ebd\",\"name\":\"Luca Ungaro\",\"image\":{\"@type\":\"ImageObject\",\"inLanguage\":\"en-US\",\"@id\":\"https:\/\/lucaungaro.fr\/wp-content\/uploads\/2023\/08\/Logo-L.U.png\",\"url\":\"https:\/\/lucaungaro.fr\/wp-content\/uploads\/2023\/08\/Logo-L.U.png\",\"contentUrl\":\"https:\/\/lucaungaro.fr\/wp-content\/uploads\/2023\/08\/Logo-L.U.png\",\"width\":782,\"height\":854,\"caption\":\"Luca Ungaro\"},\"logo\":{\"@id\":\"https:\/\/lucaungaro.fr\/wp-content\/uploads\/2023\/08\/Logo-L.U.png\"},\"description\":\"Je m\u2019appelle Luca Ungaro, photographe amateur et assistant cam\u00e9ra dans le cin\u00e9ma. J\u2019aspire \u00e0 devenir, un jour, directeur de la photographie. Le site internet que vous avez sous les yeux a des airs de carnet de recherches. Il me permet de partager mes s\u00e9ries photographiques, et il sert \u00e9galement, du moins je l\u2019esp\u00e8re, de lien avec mes projets professionnels.\",\"sameAs\":[\"http:\/\/lucaungaro.fr\"]}]}<\/script>\n<!-- \/ Yoast SEO plugin. -->","yoast_head_json":{"title":"About | Luca Ungaro","description":"About | Luca Ungaro Photographie, Cin\u00e9ma et Documentaire.","robots":{"index":"index","follow":"follow","max-snippet":"max-snippet:-1","max-image-preview":"max-image-preview:large","max-video-preview":"max-video-preview:-1"},"canonical":"https:\/\/lucaungaro.fr\/index.php\/curriculum\/","og_locale":"en_US","og_type":"article","og_title":"About | Luca Ungaro","og_description":"About | Luca Ungaro Photographie, Cin\u00e9ma et Documentaire.","og_url":"https:\/\/lucaungaro.fr\/index.php\/curriculum\/","og_site_name":"Luca Ungaro","article_modified_time":"2026-03-01T10:40:06+00:00","og_image":[{"width":2560,"height":1707,"url":"https:\/\/lucaungaro.fr\/wp-content\/uploads\/2024\/05\/DSCF1160-1-scaled.jpg","type":"image\/jpeg"}],"twitter_card":"summary_large_image","twitter_misc":{"Est. reading time":"4 minutes"},"schema":{"@context":"https:\/\/schema.org","@graph":[{"@type":"WebPage","@id":"https:\/\/lucaungaro.fr\/index.php\/curriculum\/","url":"https:\/\/lucaungaro.fr\/index.php\/curriculum\/","name":"About | Luca Ungaro","isPartOf":{"@id":"https:\/\/lucaungaro.fr\/#website"},"primaryImageOfPage":{"@id":"https:\/\/lucaungaro.fr\/index.php\/curriculum\/#primaryimage"},"image":{"@id":"https:\/\/lucaungaro.fr\/index.php\/curriculum\/#primaryimage"},"thumbnailUrl":"https:\/\/lucaungaro.fr\/wp-content\/uploads\/2024\/05\/DSCF1160-1-1024x683.jpg","datePublished":"2023-09-08T09:12:16+00:00","dateModified":"2026-03-01T10:40:06+00:00","description":"About | Luca Ungaro Photographie, Cin\u00e9ma et Documentaire.","breadcrumb":{"@id":"https:\/\/lucaungaro.fr\/index.php\/curriculum\/#breadcrumb"},"inLanguage":"en-US","potentialAction":[{"@type":"ReadAction","target":["https:\/\/lucaungaro.fr\/index.php\/curriculum\/"]}]},{"@type":"ImageObject","inLanguage":"en-US","@id":"https:\/\/lucaungaro.fr\/index.php\/curriculum\/#primaryimage","url":"https:\/\/lucaungaro.fr\/wp-content\/uploads\/2024\/05\/DSCF1160-1-scaled.jpg","contentUrl":"https:\/\/lucaungaro.fr\/wp-content\/uploads\/2024\/05\/DSCF1160-1-scaled.jpg","width":2560,"height":1707},{"@type":"BreadcrumbList","@id":"https:\/\/lucaungaro.fr\/index.php\/curriculum\/#breadcrumb","itemListElement":[{"@type":"ListItem","position":1,"name":"Accueil","item":"https:\/\/lucaungaro.fr\/"},{"@type":"ListItem","position":2,"name":"About"}]},{"@type":"WebSite","@id":"https:\/\/lucaungaro.fr\/#website","url":"https:\/\/lucaungaro.fr\/","name":"Luca Ungaro","description":"Digital Imaging Technician DIT","publisher":{"@id":"https:\/\/lucaungaro.fr\/#\/schema\/person\/6d1d5db74f469521d8e47e9975f60ebd"},"potentialAction":[{"@type":"SearchAction","target":{"@type":"EntryPoint","urlTemplate":"https:\/\/lucaungaro.fr\/?s={search_term_string}"},"query-input":{"@type":"PropertyValueSpecification","valueRequired":true,"valueName":"search_term_string"}}],"inLanguage":"en-US"},{"@type":["Person","Organization"],"@id":"https:\/\/lucaungaro.fr\/#\/schema\/person\/6d1d5db74f469521d8e47e9975f60ebd","name":"Luca Ungaro","image":{"@type":"ImageObject","inLanguage":"en-US","@id":"https:\/\/lucaungaro.fr\/wp-content\/uploads\/2023\/08\/Logo-L.U.png","url":"https:\/\/lucaungaro.fr\/wp-content\/uploads\/2023\/08\/Logo-L.U.png","contentUrl":"https:\/\/lucaungaro.fr\/wp-content\/uploads\/2023\/08\/Logo-L.U.png","width":782,"height":854,"caption":"Luca Ungaro"},"logo":{"@id":"https:\/\/lucaungaro.fr\/wp-content\/uploads\/2023\/08\/Logo-L.U.png"},"description":"Je m\u2019appelle Luca Ungaro, photographe amateur et assistant cam\u00e9ra dans le cin\u00e9ma. J\u2019aspire \u00e0 devenir, un jour, directeur de la photographie. Le site internet que vous avez sous les yeux a des airs de carnet de recherches. Il me permet de partager mes s\u00e9ries photographiques, et il sert \u00e9galement, du moins je l\u2019esp\u00e8re, de lien avec mes projets professionnels.","sameAs":["http:\/\/lucaungaro.fr"]}]}},"_links":{"self":[{"href":"https:\/\/lucaungaro.fr\/index.php\/wp-json\/wp\/v2\/pages\/301","targetHints":{"allow":["GET"]}}],"collection":[{"href":"https:\/\/lucaungaro.fr\/index.php\/wp-json\/wp\/v2\/pages"}],"about":[{"href":"https:\/\/lucaungaro.fr\/index.php\/wp-json\/wp\/v2\/types\/page"}],"author":[{"embeddable":true,"href":"https:\/\/lucaungaro.fr\/index.php\/wp-json\/wp\/v2\/users\/1"}],"replies":[{"embeddable":true,"href":"https:\/\/lucaungaro.fr\/index.php\/wp-json\/wp\/v2\/comments?post=301"}],"version-history":[{"count":142,"href":"https:\/\/lucaungaro.fr\/index.php\/wp-json\/wp\/v2\/pages\/301\/revisions"}],"predecessor-version":[{"id":1307,"href":"https:\/\/lucaungaro.fr\/index.php\/wp-json\/wp\/v2\/pages\/301\/revisions\/1307"}],"wp:attachment":[{"href":"https:\/\/lucaungaro.fr\/index.php\/wp-json\/wp\/v2\/media?parent=301"}],"curies":[{"name":"wp","href":"https:\/\/api.w.org\/{rel}","templated":true}]}}